 the tens digit of 982664?
6
What is the hundred thousands digit of 1776888?
7
What is the hundred thousands digit of 238517?
2
What is the tens digit of 27376?
7
What is the hundreds digit of 1720670?
6
What is the millions digit of 7056421?
7
What is the hundred thousands digit of 5700993?
7
What is the ten thousands digit of 85554?
8
What is the ten millions digit of 13135190?
1
What is the hundreds digit of 732675?
6
What is the hundred thousands digit of 2521690?
5
What is the hundreds digit of 416166?
1
What is the thousands digit of 2083595?
3
What is the tens digit of 1781660?
6
What is the units digit of 788937?
7
What is the units digit of 13530574?
4
What is the ten thousands digit of 51882?
5
What is the hundreds digit of 283791?
7
What is the hundreds digit of 3803700?
7
What is the tens digit of 14787326?
2
What is the millions digit of 40085664?
0
What is the tens digit of 15816391?
9
What is the units digit of 1045713?
3
What is the hundreds digit of 44245?
2
What is the hundred thousands digit of 174179?
1
What is the hundred thousands digit of 520755?
5
What is the ten thousands digit of 1157293?
5
What is the units digit of 378590?
0
What is the units digit of 282694?
4
What is the tens digit of 915397?
9
What is the hundred thousands digit of 6067719?
0
What is the thousands digit of 5052906?
2
What is the hundred thousands digit of 1024426?
0
What is the hundreds digit of 19405010?
0
What is the units digit of 6035100?
0
What is the tens digit of 7025042?
4
What is the tens digit of 1038929?
2
What is the millions digit of 6440078?
6
What is the hundreds digit of 298014?
0
What is the hundreds digit of 809427?
4
What is the thousands digit of 2789017?
9
What is the units digit of 16952358?
8
What is the hundreds digit of 468659?
6
What is the hundreds digit of 313626?
6
What is the hundred thousands digit of 1764670?
7
What is the units digit of 618393?
3
What is the hundred thousands digit of 7722466?
7
What is the thousands digit of 225260?
5
What is the hundreds digit of 1430373?
3
What is the hundreds digit of 15864086?
0
What is the thousands digit of 2472324?
2
What is the hundred thousands digit of 24659572?
6
What is the tens digit of 488031?
3
What is the units digit of 180776?
6
What is the hundred thousands digit of 9493687?
4
What is the hundred thousands digit of 381207?
3
What is the thousands digit of 764241?
4
What is the ten millions digit of 14582444?
1
What is the ten thousands digit of 40090?
4
What is the units digit of 627791?
1
What is the millions digit of 1612749?
1
What is the hundreds digit of 992431?
4
What is the units digit of 55745?
5
What is the tens digit of 11279411?
1
What is the tens digit of 105501?
0
What is the thousands digit of 2513394?
3
What is the units digit of 74954?
4
What is the tens digit of 409400?
0
What is the hundred thousands digit of 7924801?
9
What is the units digit of 6357195?
5
What is the tens digit of 259712?
1
What is the tens digit of 4579617?
1
What is the ten thousands digit of 15503?
1
What is the hundred thousands digit of 5971013?
9
What is the hundreds digit of 166633?
6
What is the hundreds digit of 9305034?
0
What is the hundreds digit of 16474654?
6
What is the units digit of 259579?
9
What is the ten thousands digit of 3596999?
9
What is the hundred thousands digit of 3766478?
7
What is the thousands digit of 160518?
0
What is the thousands digit of 266631?
6
What is the hundreds digit of 806539?
5
What is the hundreds digit of 219248?
2
What is the tens digit of 246215?
1
What is the ten thousands digit of 1753036?
5
What is the units digit of 3445231?
1
What is the hundreds digit of 109712?
7
What is the millions digit of 15076017?
5
What is the ten thousands digit of 77984?
7
What is the thousands digit of 353991?
3
What is the units digit of 555782?
2
What is the tens digit of 1586007?
0
What is the units digit of 871496?
6
What is the units digit of 4426419?
9
What is the ten thousands digit of 5629566?
2
What is the thousands digit of 7985673?
5
What is the hundreds digit of 50763?
7
What is the ten millions digit of 11867976?
1
What is the units digit of 1737349?
9
What is the hundred thousands digit of 17906281?
9
What is the hundred thousands digit of 1582476?
5
What is the hundreds digit of 165993?
9
What is the units digit of 294334?
4
What is the hundreds digit of 7099394?
3
What is the tens digit of 2566921?
2
What is the hundred thousands digit of 3057678?
0
What is the ten thousands digit of 5875744?
7
What is the hundreds digit of 1585370?
3
What is the ten thousands digit of 1859948?
5
What is the units digit of 697913?
3
What is the thousands digit of 15416763?
6
What is the hundreds digit of 13302220?
2
What is the thousands digit of 7193663?
3
What is the hundreds digit of 1803783?
7
What is the units digit of 226315?
5
What is the thousands digit of 113502?
3
What is the hundreds digit of 4837287?
2
What is the millions digit of 1452680?
1
What is the units digit of 714749?
9
What is the tens digit of 199897?
9
What is the units digit of 21090975?
5
What is the units digit of 20155208?
8
What is the units digit of 24378018?
8
What is the tens digit of 62040?
4
What is the units digit of 7926746?
6
What is the thousands digit of 220481?
0
What is the ten thousands digit of 219804?
1
What is the units digit of 4783983?
3
What is the ten thousands digit of 1318834?
1
What is the units digit of 16918851?
1
What is the hundreds digit of 1318704?
7
What is the hundreds digit of 356501?
5
What is the hundred thousands digit of 621727?
6
What is the tens digit of 888959?
5
What is the hundreds digit of 7545626?
6
What is the tens digit of 265301?
0
What is the thousands digit of 1141922?
1
What is the millions digit of 1684641?
1
What is the ten thousands digit of 76284?
7
What is the units digit of 442788?
8
What is the thousands digit of 2575174?
5
What is the tens digit of 1245936?
3
What is the units digit of 18194?
4
What is the units digit of 11704658?
8
What is the thousands digit of 30119106?
9
What is the ten thousands digit of 5848699?
4
What is the thousands digit of 613852?
3
What is the thousands digit of 222397?
2
What is the tens digit of 207751?
5
What is the hundreds digit of 42303?
3
What is the hundred thousands digit of 7678417?
6
What is the hundred thousands digit of 4471721?
4
What is the thousands digit of 143110?
3
What is the thousands digit of 286766?
6
What is the units digit of 19596?
6
What is the tens digit of 3978169?
6
What is the ten thousands digit of 3637364?
3
What is the hundred thousands digit of 3878986?
8
What is the thousands digit of 380850?
0
What is the hundred thousands digit of 2628845?
6
What is the thousands digit of 891707?
1
What is the thousands digit of 320240?
0
What is the ten thousands digit of 781519?
8
What is the millions digit of 13962650?
3
What is the units digit of 4622833?
3
What is the thousands digit of 287796?
7
What is the hundred thousands digit of 100307?
1
What is the thousands digit of 953225?
3
What is the units digit of 220712?
2
What is the units digit of 4575689?
9
What is the hundreds digit of 3021566?
5
What is the tens digit of 37288954?
5
What is the ten thousands digit of 5064554?
6
What is the hundreds digit of 1932549?
5
What is the units digit of 166403?
3
What is the thousands digit of 231773?
1
What is the hundreds digit of 448383?
3
What is the hundred thousands digit of 7476054?
4
What is the hundred thousands digit of 1256519?
2
What is the thousands digit of 626769?
6
What is the ten thousands digit of 217054?
1
What is the units digit of 53117?
7
What is the units digit of 163863?
3
What is the hundred thousands digit of 283538?
2
What is the hundreds digit of 40151?
1
What is the tens digit of 960939?
3
What is the hundreds digit of 326342?
3
What is the units digit of 404750?
0
What is the tens digit of 64243?
4
What is the ten thousands digit of 8811743?
1
What is the hundreds digit of 447667?
6
What is the tens digit of 1637500?
0
What is the hundreds digit of 995246?
2
What is the hundred thousands digit of 12333355?
3
What is the thousands digit of 23288547?
8
What is the thousands digit of 80115?
0
What is the thousands digit of 6369?
6
